{"id":20377,"date":"2025-02-20T10:46:02","date_gmt":"2025-02-20T10:46:02","guid":{"rendered":"https:\/\/www.practeez.com\/webatelier\/clarifier-et-affirmer-votre-identite-professionnelle\/"},"modified":"2025-04-21T07:26:04","modified_gmt":"2025-04-21T07:26:04","slug":"clarifier-et-affirmer-votre-identite-professionnelle","status":"publish","type":"event_listing","link":"https:\/\/www.practeez.com\/es\/webatelier\/clarifier-et-affirmer-votre-identite-professionnelle\/","title":{"rendered":"Clarifiez et affirmez votre identit\u00e9 professionnelle"},"content":{"rendered":"<p>Vous \u00eates ind\u00e9pendant.e ou entrepreneur.e et vous sentez que votre pr\u00e9sentation professionnelle est floue ? Vous avez du mal \u00e0 d\u00e9finir qui vous \u00eates, ce que vous faites et comment en parler avec assurance ? Cet atelier est fait pour vous !<\/p>\n<p><strong>Pourquoi cet atelier ?<\/strong><br \/>\nNous \u00e9voluons constamment, et notre identit\u00e9 professionnelle aussi. Pourtant, il peut \u00eatre difficile de la poser clairement, surtout lorsque nous devons l&#8217;adapter \u00e0 diff\u00e9rents interlocuteurs. Comment trouver une pr\u00e9sentation qui vous ressemble et qui parle \u00e0 votre public ? Comment parler de vos offres avec coh\u00e9rence et impact ?<\/p>\n<p><strong>Deux sessions interactives sur Zoom (1h30 chacune)<\/strong><br \/>\nCet atelier en deux temps vous permettra d&#8217;avancer, d&#8217;explorer des pistes align\u00e9es avec qui vous \u00eates aujourd&#8217;hui.<\/p>\n<p><strong>Au programme :<\/strong><\/p>\n<ul>\n<li>Des exercices ludiques et introspectifs pour mettre en lumi\u00e8re votre singularit\u00e9.<\/li>\n<li>Des moments de partage et d&#8217;\u00e9change avec d&#8217;autres entrepreneurs pour enrichir votre r\u00e9flexion.<\/li>\n<li>Des activit\u00e9s \u00e0 r\u00e9aliser entre les deux sessions pour approfondir et tester vos id\u00e9es.<\/li>\n<\/ul>\n<p><strong>Pour qui ?<\/strong><br \/>\nCet atelier s\u2019adresse aux ind\u00e9pendants et entrepreneurs qui veulent :<\/p>\n<ul>\n<li>Gagner en clart\u00e9 et en aisance dans leur pr\u00e9sentation professionnelle.<\/li>\n<li>Se sentir align\u00e9s avec leur identit\u00e9 et leurs offres.<\/li>\n<li>\u00c9viter de se retrouver seuls face \u00e0 cette question et avancer ensemble.<\/li>\n<\/ul>\n<p>&nbsp;<\/p>\n<p><strong>Inscription et organisation<\/strong><\/p>\n<ul>\n<li>Session 1 : 24 avril de 13h \u00e0 14h30<\/li>\n<li>Session 2: date d\u00e9finie avec l&#8217;ensemble des participants lors de la session 1<\/li>\n<li><\/li>\n<li>Rejoignez-nous pour clarifier et affirmer votre identit\u00e9 professionnelle dans un cadre bienveillant et dynamique !<\/li>\n<\/ul>\n","protected":false},"featured_media":19527,"template":"","meta":{"_et_pb_use_builder":"","_et_pb_old_content":"","_et_gb_content_width":"","_monsterinsights_skip_tracking":false,"_monsterinsights_sitenote_active":false,"_monsterinsights_sitenote_note":"","_monsterinsights_sitenote_category":0},"event_listing_category":[73,43,41],"event_listing_type":[],"event_listing_tag":[],"class_list":["post-20377","event_listing","type-event_listing","status-publish","has-post-thumbnail","hentry","event_listing_category-coup-de-coeur","event_listing_category-me-developper-personnellement","event_listing_category-spiritualite"],"aioseo_notices":[],"_links":{"self":[{"href":"https:\/\/www.practeez.com\/es\/wp-json\/wp\/v2\/event_listing\/20377","targetHints":{"allow":["GET"]}}],"collection":[{"href":"https:\/\/www.practeez.com\/es\/wp-json\/wp\/v2\/event_listing"}],"about":[{"href":"https:\/\/www.practeez.com\/es\/wp-json\/wp\/v2\/types\/event_listing"}],"wp:featuredmedia":[{"embeddable":true,"href":"https:\/\/www.practeez.com\/es\/wp-json\/wp\/v2\/media\/19527"}],"wp:attachment":[{"href":"https:\/\/www.practeez.com\/es\/wp-json\/wp\/v2\/media?parent=20377"}],"wp:term":[{"taxonomy":"event_listing_category","embeddable":true,"href":"https:\/\/www.practeez.com\/es\/wp-json\/wp\/v2\/event_listing_category?post=20377"},{"taxonomy":"event_listing_type","embeddable":true,"href":"https:\/\/www.practeez.com\/es\/wp-json\/wp\/v2\/event_listing_type?post=20377"},{"taxonomy":"event_listing_tag","embeddable":true,"href":"https:\/\/www.practeez.com\/es\/wp-json\/wp\/v2\/event_listing_tag?post=20377"}],"curies":[{"name":"wp","href":"https:\/\/api.w.org\/{rel}","templated":true}]}}

Clarifiez et affirmez votre identité professionnelle

<p>Vous êtes indépendant.e ou entrepreneur.e et vous sentez que votre présentation professionnelle est floue ? Vous avez du mal à définir qui vous êtes, ce que vous faites et comment en parler avec assurance ? Cet atelier est fait pour vous !</p>
<p><strong>Pourquoi cet atelier ?</strong><br />
Nous évoluons constamment, et notre identité professionnelle aussi. Pourtant, il peut être difficile de la poser clairement, surtout lorsque nous devons l&#8217;adapter à différents interlocuteurs. Comment trouver une présentation qui vous ressemble et qui parle à votre public ? Comment parler de vos offres avec cohérence et impact ?</p>
<p><strong>Deux sessions interactives sur Zoom (1h30 chacune)</strong><br />
Cet atelier en deux temps vous permettra d&#8217;avancer, d&#8217;explorer des pistes alignées avec qui vous êtes aujourd&#8217;hui.</p>
<p><strong>Au programme :</strong></p>
<ul>
<li>Des exercices ludiques et introspectifs pour mettre en lumière votre singularité.</li>
<li>Des moments de partage et d&#8217;échange avec d&#8217;autres entrepreneurs pour enrichir votre réflexion.</li>
<li>Des activités à réaliser entre les deux sessions pour approfondir et tester vos idées.</li>
</ul>
<p><strong>Pour qui ?</strong><br />
Cet atelier s’adresse aux indépendants et entrepreneurs qui veulent :</p>
<ul>
<li>Gagner en clarté et en aisance dans leur présentation professionnelle.</li>
<li>Se sentir alignés avec leur identité et leurs offres.</li>
<li>Éviter de se retrouver seuls face à cette question et avancer ensemble.</li>
</ul>
<p>&nbsp;</p>
<p><strong>Inscription et organisation</strong></p>
<ul>
<li>Session 1 : 24 avril de 13h à 14h30</li>
<li>Session 2: date définie avec l&#8217;ensemble des participants lors de la session 1</li>
<li></li>
<li>Rejoignez-nous pour clarifier et affirmer votre identité professionnelle dans un cadre bienveillant et dynamique !</li>
</ul>
